)) + 0 + (-15 - -14).
-10
What is the value of 0 + 0 + -3 - (-5 - (-8 + 7))?
1
-24 + -13 + 33 + -13
-17
What is (-4 - 15) + 34 + -7?
8
Evaluate 14 + -14 + (-11 - -23) + -38.
-26
What is (1318 - 1336) + (31 - 1)?
12
What is -4 + 2 + 5 + (5 + 12 - 17)?
3
Calculate (-4 + 0 - (67 + -69)) + 8 + 9.
15
Evaluate -3 - (11 + -6 + -10).
2
What is -2 + 7 - (32 - 19)?
-8
Evaluate -4 + (15 - (11 - (16 + -17))).
-1
11 + -14 + 7 + 1
5
What is -13 + 15 + (1 - 13) - (-94 - -83)?
1
Calculate -5 + (1 - (-19 - (-2 - -3))).
16
What is -6 - (7 - ((-28 - -58) + (2 - 9)))?
10
What is 0 - -3 - (-103 - -119)?
-13
Evaluate 8 - (10 + 3 + -9) - -11.
15
Calculate (5 - (4 + 2) - 5) + 6.
0
Calculate 36 - 9 - 9 - 6.
12
What is (14 - -1) + (36 - 39)?
12
Evaluate (-8 + -3 - -19) + (0 - 2) + -1.
5
What is 31 - 1 - (-3419 + 3488)?
-39
Calculate (-2 - -32) + (-301 - -299).
28
What is (55 + -28 - -5) + -24 + 5?
13
What is 9 - 0 - (-19 - (-23 - -10) - -1)?
14
(-5 - ((-39 - -4) + -2)) + -66 + 60
26
2 + 6 - 2 - (-182 - -190)
-2
Evaluate 277 + -274 + 16 + 2.
21
-13 - (3 - 1 - 45) - 4
26
Evaluate 39 + -16 - 6 - -9 - 0.
26
What is the value of -8 + 1 + -3 + (-16 - -15)?
-11
43 + -29 + 25 + -14
25
9 + -20 - -9 - 0
-2
What is (36 - 30) + (4 - -2)?
12
(9 - 8) + 0 - (2 + -5 - 4)
8
What is -47 - (8 - 42 - 16)?
3
-4 + 2 + 14 - (0 + 1 + 4)
7
-16 - (0 + -25 + 14)
-5
What is the value of -8 + 8 + -3 - (10 + -29)?
16
Calculate 5 + 0 + (18 - 30) + 14.
7
-4 + (16 - 11) + -5 + (18 - 2)
12
Calculate 13 + (-31 - -10) + -15.
-23
What is -7 - (8 - 7) - (5 + -1)?
-12
What is the value of 5 - ((-28 - (-1 - 28)) + 37 + 1)?
-34
What is the value of -9 + -2 + 43 + -45 - (1 + -5)?
-9
What is the value of 5 + -8 - -22 - (-20 - -15)?
24
What is 16 + -15 + (-1 - 5)?
-5
What is 7 - (13 + -8 + -6 - (-1 - 0))?
7
0 + 4 - 5 - -3 - (34 - 54)
22
Evaluate 7 + -12 + 13 - (-4 - 1).
13
Evaluate 24 - ((9 - 3) + -13 - -10).
21
Evaluate -13 + -3 + 8 - -15.
7
Calculate -11 - (-4 + (6 - (6 - -2)) - -2).
-7
Calculate 0 + (2 - -11) + -5 - (0 - -13).
-5
Calculate -4 + -7 + 0 + 7 + -6.
-10
(-11 + 1 - 8 - -9) + 20
11
Calculate (0 - -28) + 151 + -204.
-25
-5 - 1 - (11 + (-51 - 0)) - 3
31
Calculate -5 - ((-5 - 3) + 5) - -3.
1
What is the value of -9 - (-16 - (15 - 2 - 11))?
9
Calculate 7 + (-1 - -2 - (-46 - -6 - -48)).
0
What is (-1 - 16 - -5) + 15 - -16?
19
Calculate -9 + 7 + (-4 - ((2 - 7) + 5)).
-6
53 - 67 - ((10 - -1) + 5)
-30
What is the value of 8 - (5 + (-1 - -4) + -6) - -3?
9
What is the value of -6 - (9 + (-3 - -3) + -2)?
-13
What is the value of 0 + 5 + -2 + (-5 - 2)?
-4
What is -4 + 17 + 5 + -16 - (-2 + -22)?
26
What is (61 - 23) + -49 - (-1 - -7)?
-17
What is the value of -2 + (5 - -13 - 10)?
6
Calculate 3 + 0 - (10 - (-11 + 32)).
14
What is -4 + 17 + (13 - 15) - 8?
3
Evaluate (6 - (2 - 1)) + (-1 - 5).
-1
Calculate 26 - (-11 - (-27 + 1)).
11
(2 - 1 - (1 + -3)) + 22
25
-6 + 0 + (22 - 16) - 5 - 6
-11
3 + 1 + (-30 - -23) + 15 + 0
12
Evaluate (8 - 5) + -6 - (2 + 6) - -2.
-9
Evaluate (-2 - 11) + -1 + 30 + -31.
-15
Calculate 6 + 8 + 2 + -15 - -3.
4
Evaluate (5 - 5) + 39 + -61 + 36.
14
What is the value of 6 - (-3 + -11 + 4 + 14)?
2
What is -6 + -15 + (4 - -6)?
-11
Calculate -3 + (21 - 5) - (-1 - -8).
6
24 + -3 + -10 - 6
5
Calculate 10 + -3 + 1 + 4 - 4.
8
Evaluate 8 + 3 + -31 - -34.
14
What is 0 + (0 - -2) - (-50 + 55)?
-3
What is 14 + 10 + -29 + -17?
-22
Evaluate (-3 + 36 + -60 - (1 + 0)) + 8.
-20
(8 - (2 + -16) - 16) + -30 + 0
-24
(6 - (1 + -1)) + 935 + -927
14
(-4 - -3) + -6 - ((-3 - -11) + -2)
-13
What is 15 + (-12 - (18 + -26))?
11
Evaluate (10 - -7) + -9 + 1.
9
Evaluate (4 - -6) + -5 - (0 - 19).
24
What is (-2 - ((-5 - 2) + 4)) + -10?
-9
What is 15 + -2 + -18 + -1?
-6
What is -16 - (3 + -8 - -6)?
-17
Calculate 0 + -3 + (1 - 13) + 6.
-9
-33 + 23 - (-6 - -1) - 2
-7
Evaluate -19 + (7 + -5 - -1).
-16
Calculate (-5 - (18 - -1)) + 26.
2
Calculate 4 + (29 - (11 - 10 - -16 - 7)).
23
Evaluate 11 - (-12 + -1 - (-126 + 80)).
-22
Evaluate -1 - -2 - (-591 + 589).
3
Evaluate -7 + (-2 - 12) + 12 + -1 + 3.
-7
What is the value of -2 - 6 - (13 - 21) - 20?
-20
Evaluate -4 - (-15 - (15 - 27)).
-1
What is the value of (6 - (9 + -6 + 4 + -5)) + 13?
17
Evaluate (-34 - -27) + -11 + 12.
-6
Evaluate 118 - 121 - (-13 + 0).
10
What is the value of -7 + -1 + -8 + 36?
20
Calculate (21 - (13 + 17)) + (0 - 0) + 4.
-5
Calculate (1 + -13 - -10 - -14) + 8.
20
-49 + (-20 - (-15 + -50))
-4
What is the value of (4 - 6) + 6 + -9 + (7 - 5)?
-3
Calculate 11 - (1 + -15) - 15.
10
Calculate (12 - 14) + 1 + -11 - (-19 - -15).
-8
What is 3 + 6 - (14 + 29 + -20)?
-14
-7 - -13 - (-2 + 22)
-14
(7 - (-11 + 8) - 12) + -2
-4
Evaluate 7 - (8 + (14 - 4 - 4) + -11).
4
What is the value of (9 - (1 + 6)) + 6 - 4?
4
Evaluate (5 - 11 - -8 - 10) + -3.
-11
What is the value of (10 + -5 - 6) + -3 + 7 + 3?
6
Calculate -8 + -2 + 28 + (-9 - -1) - 9.
1
Evaluate 24 + -5 + (-14 - -1).
6
What is 0 - (-3 - 2 - (8 - (2 - 2)))?
13
-1 - -6 - 1 - (-107 + 117)
-6
-2 + 17 - ((-85 - -84) + -1 + 7)
10
-27 - (-38 - -36 - -4)
-29
-9 - 1 - 3 - -28
15
Calculate -19 + (21 - (-12 - -19)).
-5
Evaluate 4 - (2 - (7 - (2 + 13))).
-6
What is 3 - 12 - (-1 + -2) - -22 - 6?
10
-28 + 43 + -9 + 1 + 14
21
Calculate 10 - ((22 - (21 - 11)) + -22).
20
What is the value of -48 - -53 - ((1 - 1) + 6) - 0?
-1
Evaluate 25 + -16 + (-1 - 0) + 19 + -9.
18
What is -36 + (14 - 8) - -37?
7
What is -7 + 3 - (-5 - 3)?
4
Calculate -14 - -1 - -9 - (-3 + 17 - 2).
-16
-5 + (-6 - (-14 - 3)) + -13 + 0
-7
Calculate 6 + (-1 - 22 - -7) - -22.
12
What is the value of (309 - 324) + 25 + 1?
11
-1 + (18 - 19) - (2 - (3 - 1))
-2
What is the value of -11 - (0 - -13 - (113 + -105))?
-16
Calculate -7 - (-1 + -2 + 3) - -4.
-3
Evaluate (1 - 3) + -45 + 39 + -3 - 0.
-11
Evaluate -356 + 352 - (0 - -4).
-8
Calculate -6 + 2 - -5 - (-2 + -24 + 15).
12
Calculate 7 + -45 + 10 + (13 - 11).
-26
What is the value of 19 + -1 + 8 - -4?
30
What is (-3 - 7) + 3 + -16 - (1 - -6)?
-30
What is the value of (-5 - (-7 + -4)) + (-2 - -6) + -2?
8
Calculate 9 - 1 - (-13 + 56) - -13.
-22
Calculate 2 - (-4 + 2) - ((3 - 3) + -9).
13
24 + -6 + 12 + (-11 - 7)
12
Calculate 10 + -1 - ((34 - 24) + -9).
8
What is -26 + (82 - 50) - (-1 - -2 - 1)?
6
Evaluate 5 - ((-5 - (2 + -13)) + 0 + 1).
-2
(1 - (-56 + -26)) + -42
41
Calculate -3 + 29 + (2 - (2 + 2) - 5).
19
Calculate -26 - (0 - (3 + -3 + -11 - -1)).
-36
4 + -2 + -1362 + 1380
20
Evaluate 5 + 15 + -54 + 37.
3
What is (-33 - -15) + 15 + (5 + -2 - -25)?
25
Calculate 2 + 5 - (18 - 4 - 21).
14
What is the value of 4 + 0 + 4 + -9 + 17?
16
What is the value of -8 - (6 + (10 - 1 - 9))?
-14
Evaluate (-35 - (-4 - 4)) + -4 + 13.
-18
Evaluate 9 + (16 - 10 - 13) + 1.
3
What is the value of 17 + (-7 - 2) - 9?
-1
Evaluate 26 - (10 - (-5 + 3)).
14
-23 + 9 - (-27 + 0)
13
What is (7 - 5) + -6 + (-7 - -28) + -6?
11
Calculate 31 - (18 + 6 + -19 + 1).
25
Calculate 5 - (13 - 11 - (-5 + 7)).
5
What is -8 + 19 - (0 - 0)?
11
(61 - 48) + (-7 + 16 - 21)
1
Calculate (49 + -11 - (5 + -2)) + -11.
24
What is 22 - ((167 - 164) + (-1 - -9)) - -6?
17
149 + -111 - (40 - 8)
6
What is the value of 25 - (-34 + 13 + 26)?
20
-83 - 13 - -96 - (-1 + 2 + 2)
-3
(-30 - (24 - 58)) + -2
2
What is -15 + 2 + (-2 + 9 - -27)?
21
(0 - 6) + 12 + 7 + -13
0
What is the value of -4 - ((-16 + 4 - 1) + -9)?
18
Evaluate 7 - 6 - ((1 - (-20 + 3)) + -6).
-11
What is 0 - (0 + 5) - (-36 + 42 + -35)?
24
Calculate (-7 - -12) + -15 - (-12 + 4).
-2
Evaluate 66 - 56 - (9 - 0).
1
What is -29 + 31 - (-2 + -2)?
6
What is the value of -4 - (0 - -11) - (-12 - -2)?
-5
1 + (-11 - -2) + 8 + (-1 - -1)
0
Evaluate 5 + (5 + -4 - 8) + 7.
5
What is 4 + (-9 - ((-7 - 0) + 2 + 21))?
-21
Calculate (20 - (-22 - -56)) + -5.
-19
What is the value of 0 + (-6 + -8 - -3)?
-11
What is (8 - (1 - 0)) + 5 + -3?
9
What is -5 + (-42 - -60 - (0 - -9)) + 2?
6
Calculate 9 - ((-26 - -14) + 13).
8
Evaluate 19 - 0 - (770 + -732).
-19
Evaluate -1 - (6 + (3 + -3 - (2 - -2))).
-3
What is (-4 + 1 - 9) + (0 + -11 - -4)?
-19
What is -41 + 3 + (-24 - -29)?
-33
Evaluate 1 + -5 + 11 - 5 - -9.
11
Evaluate -18 - (2 + (-2 - 0)) - (105 - 103).
-20
(-2 - 12 - (6 + -15)) + -7
-12
Evaluate 22 - 4 - 6 - (29 + -15).
-2
2 + (-15 - -6) + (12 - -8)
13
14 + -18 + 3 - ((2 - -1) + -4)
0
1 - (0 + -5 + -1 + 0 + 0)
7
-39 + (10 - 2 - 3)
-34
What is 1 - (12 + 